{"id":1247,"date":"2022-07-19T13:20:20","date_gmt":"2022-07-19T13:20:20","guid":{"rendered":"https:\/\/www.ticol.pl\/sklep\/?post_type=product&#038;p=1247"},"modified":"2026-04-17T08:29:45","modified_gmt":"2026-04-17T08:29:45","slug":"profile-ochronne-pe-u-100-64-mb","status":"publish","type":"product","link":"https:\/\/www.ticol.pl\/sklep\/produkty\/profile-ochronne-pe-u-100-64-mb\/","title":{"rendered":"Profile ochronne PE U 100 &#8211; 64 mb"},"content":{"rendered":"<p><strong>ilo\u015b\u0107 w kartonie: 32 szt. \/ 64 mb<\/strong><\/p>\n<p>Profile polietylenowe typu U s\u0105 \u015bwietnym wyborem do ochrony ci\u0119\u017ckich element\u00f3w szczeg\u00f3lnie nara\u017conych na uszkodzenia. Ich elastyczno\u015b\u0107 pozwala na szybkie i dok\u0142adne zabezpieczenie przedmiotu chronionego. Dedykowany do zabezpieczenia kraw\u0119dzi przedmiot\u00f3w, profili, element\u00f3w naro\u017cnych, itp.<\/p>\n<p>W\u0142a\u015bciwo\u015bci:<\/p>\n<ul>\n<li>elastyczny<\/li>\n<li>odporny na uderzenia<\/li>\n<li>dobry izolator<\/li>\n<li>\u0142atwy w dopasowaniu<\/li>\n<li>ekologiczny<\/li>\n<\/ul>\n<p>&nbsp;<\/p>\n<p>Wymiary:<\/p>\n<p>A &#8211; 60 (mm)<\/p>\n<p>B &#8211; 96 (mm)<\/p>\n<p>C &#8211; 72 (mm)<\/p>\n<p>D &#8211; 19 (mm)<\/p>\n<p>d\u0142ugo\u015b\u0107 profilu &#8211; 2000 (mm)\/ 2 (m)<\/p>\n","protected":false},"excerpt":{"rendered":"<p>ilo\u015b\u0107 w kartonie: 32 szt. \/ 64 mb Profile polietylenowe typu U s\u0105 \u015bwietnym wyborem do ochrony ci\u0119\u017ckich element\u00f3w szczeg\u00f3lnie nara\u017conych na uszkodzenia. Ich elastyczno\u015b\u0107 pozwala na szybkie i dok\u0142adne zabezpieczenie przedmiotu chronionego. Dedykowany do zabezpieczenia kraw\u0119dzi przedmiot\u00f3w, profili, element\u00f3w naro\u017cnych, itp. W\u0142a\u015bciwo\u015bci: elastyczny odporny na uderzenia dobry izolator \u0142atwy w dopasowaniu ekologiczny &nbsp; Wymiary: [&hellip;]<\/p>\n","protected":false},"featured_media":5903,"comment_status":"open","ping_status":"closed","template":"","meta":[],"product_brand":[],"product_cat":[50,67,15],"product_tag":[],"class_list":{"0":"post-1247","1":"product","2":"type-product","3":"status-publish","4":"has-post-thumbnail","6":"product_cat-pianka-pe","7":"product_cat-profile-i-narozniki-typ-u","8":"product_cat-wszystkie","9":"product_shipping_class-paczkaxxl","11":"first","12":"instock","13":"taxable","14":"shipping-taxable","15":"purchasable","16":"product-type-simple"},"yoast_head":"<!-- This site is optimized with the Yoast SEO plugin v27.1.1 - https:\/\/yoast.com\/product\/yoast-seo-wordpress\/ -->\n<title>Profile ochronne PE U 100 - 64 mb &#8226; Ticol<\/title>\n<meta name=\"description\" content=\"Profile ochronne PE U 100 - 64 mb \u2714\ufe0f Wysokiej jako\u015bci materia\u0142y! \u2714\ufe0f Ochrona produkt\u00f3w! \u2714\ufe0f Korzystne ceny! Sprawd\u017a teraz!\" \/>\n<meta name=\"robots\" content=\"index, follow, max-snippet:-1, max-image-preview:large, max-video-preview:-1\" \/>\n<link rel=\"canonical\" href=\"https:\/\/www.ticol.pl\/sklep\/produkty\/profile-ochronne-pe-u-100-64-mb\/\" \/>\n<meta property=\"og:locale\" content=\"pl_PL\" \/>\n<meta property=\"og:type\" content=\"article\" \/>\n<meta property=\"og:title\" content=\"Profile ochronne PE U 100 - 64 mb &#8226; Ticol\" \/>\n<meta property=\"og:description\" content=\"Profile ochronne PE U 100 - 64 mb \u2714\ufe0f Wysokiej jako\u015bci materia\u0142y! \u2714\ufe0f Ochrona produkt\u00f3w! \u2714\ufe0f Korzystne ceny! Sprawd\u017a teraz!\" \/>\n<meta property=\"og:url\" content=\"https:\/\/www.ticol.pl\/sklep\/produkty\/profile-ochronne-pe-u-100-64-mb\/\" \/>\n<meta property=\"og:site_name\" content=\"Ticol\" \/>\n<meta property=\"article:publisher\" content=\"https:\/\/www.facebook.com\/ticolspzoo\" \/>\n<meta property=\"article:modified_time\" content=\"2026-04-17T08:29:45+00:00\" \/>\n<meta property=\"og:image\" content=\"https:\/\/www.ticol.pl\/sklep\/wp-content\/uploads\/2024\/02\/profile-U.png\" \/>\n\t<meta property=\"og:image:width\" content=\"1101\" \/>\n\t<meta property=\"og:image:height\" content=\"1101\" \/>\n\t<meta property=\"og:image:type\" content=\"image\/png\" \/>\n<meta name=\"twitter:card\" content=\"summary_large_image\" \/>\n<meta name=\"twitter:label1\" content=\"Szacowany czas czytania\" \/>\n\t<meta name=\"twitter:data1\" content=\"1 minuta\" \/>\n<script type=\"application\/ld+json\" class=\"yoast-schema-graph\">{\"@context\":\"https:\/\/schema.org\",\"@graph\":[{\"@type\":\"WebPage\",\"@id\":\"https:\/\/www.ticol.pl\/sklep\/produkty\/profile-ochronne-pe-u-100-64-mb\/\",\"url\":\"https:\/\/www.ticol.pl\/sklep\/produkty\/profile-ochronne-pe-u-100-64-mb\/\",\"name\":\"Profile ochronne PE U 100 - 64 mb &#8226; Ticol\",\"isPartOf\":{\"@id\":\"https:\/\/www.ticol.pl\/sklep\/#website\"},\"primaryImageOfPage\":{\"@id\":\"https:\/\/www.ticol.pl\/sklep\/produkty\/profile-ochronne-pe-u-100-64-mb\/#primaryimage\"},\"image\":{\"@id\":\"https:\/\/www.ticol.pl\/sklep\/produkty\/profile-ochronne-pe-u-100-64-mb\/#primaryimage\"},\"thumbnailUrl\":\"https:\/\/www.ticol.pl\/sklep\/wp-content\/uploads\/2024\/02\/profile-U.png\",\"datePublished\":\"2022-07-19T13:20:20+00:00\",\"dateModified\":\"2026-04-17T08:29:45+00:00\",\"description\":\"Profile ochronne PE U 100 - 64 mb \u2714\ufe0f Wysokiej jako\u015bci materia\u0142y! \u2714\ufe0f Ochrona produkt\u00f3w! \u2714\ufe0f Korzystne ceny! Sprawd\u017a teraz!\",\"breadcrumb\":{\"@id\":\"https:\/\/www.ticol.pl\/sklep\/produkty\/profile-ochronne-pe-u-100-64-mb\/#breadcrumb\"},\"inLanguage\":\"pl-PL\",\"potentialAction\":[{\"@type\":\"ReadAction\",\"target\":[\"https:\/\/www.ticol.pl\/sklep\/produkty\/profile-ochronne-pe-u-100-64-mb\/\"]}]},{\"@type\":\"ImageObject\",\"inLanguage\":\"pl-PL\",\"@id\":\"https:\/\/www.ticol.pl\/sklep\/produkty\/profile-ochronne-pe-u-100-64-mb\/#primaryimage\",\"url\":\"https:\/\/www.ticol.pl\/sklep\/wp-content\/uploads\/2024\/02\/profile-U.png\",\"contentUrl\":\"https:\/\/www.ticol.pl\/sklep\/wp-content\/uploads\/2024\/02\/profile-U.png\",\"width\":1101,\"height\":1101,\"caption\":\"profile U\"},{\"@type\":\"BreadcrumbList\",\"@id\":\"https:\/\/www.ticol.pl\/sklep\/produkty\/profile-ochronne-pe-u-100-64-mb\/#breadcrumb\",\"itemListElement\":[{\"@type\":\"ListItem\",\"position\":1,\"name\":\"Strona g\u0142\u00f3wna\",\"item\":\"https:\/\/www.ticol.pl\/sklep\/\"},{\"@type\":\"ListItem\",\"position\":2,\"name\":\"Produkty\",\"item\":\"https:\/\/www.ticol.pl\/sklep\/shop\/\"},{\"@type\":\"ListItem\",\"position\":3,\"name\":\"Profile ochronne PE U 100 &#8211; 64 mb\"}]},{\"@type\":\"WebSite\",\"@id\":\"https:\/\/www.ticol.pl\/sklep\/#website\",\"url\":\"https:\/\/www.ticol.pl\/sklep\/\",\"name\":\"Ticol\",\"description\":\"Producent opakowa\u0144\",\"publisher\":{\"@id\":\"https:\/\/www.ticol.pl\/sklep\/#organization\"},\"alternateName\":\"Ticol\",\"potentialAction\":[{\"@type\":\"SearchAction\",\"target\":{\"@type\":\"EntryPoint\",\"urlTemplate\":\"https:\/\/www.ticol.pl\/sklep\/?s={search_term_string}\"},\"query-input\":{\"@type\":\"PropertyValueSpecification\",\"valueRequired\":true,\"valueName\":\"search_term_string\"}}],\"inLanguage\":\"pl-PL\"},{\"@type\":\"Organization\",\"@id\":\"https:\/\/www.ticol.pl\/sklep\/#organization\",\"name\":\"Ticol\",\"alternateName\":\"Ticol\",\"url\":\"https:\/\/www.ticol.pl\/sklep\/\",\"logo\":{\"@type\":\"ImageObject\",\"inLanguage\":\"pl-PL\",\"@id\":\"https:\/\/www.ticol.pl\/sklep\/#\/schema\/logo\/image\/\",\"url\":\"https:\/\/www.ticol.pl\/sklep\/wp-content\/uploads\/2023\/02\/logo-ticol.bmp\",\"contentUrl\":\"https:\/\/www.ticol.pl\/sklep\/wp-content\/uploads\/2023\/02\/logo-ticol.bmp\",\"width\":963,\"height\":260,\"caption\":\"Ticol\"},\"image\":{\"@id\":\"https:\/\/www.ticol.pl\/sklep\/#\/schema\/logo\/image\/\"},\"sameAs\":[\"https:\/\/www.facebook.com\/ticolspzoo\"]}]}<\/script>\n<!-- \/ Yoast SEO plugin. -->","yoast_head_json":{"title":"Profile ochronne PE U 100 - 64 mb &#8226; Ticol","description":"Profile ochronne PE U 100 - 64 mb \u2714\ufe0f Wysokiej jako\u015bci materia\u0142y! \u2714\ufe0f Ochrona produkt\u00f3w! \u2714\ufe0f Korzystne ceny! Sprawd\u017a teraz!","robots":{"index":"index","follow":"follow","max-snippet":"max-snippet:-1","max-image-preview":"max-image-preview:large","max-video-preview":"max-video-preview:-1"},"canonical":"https:\/\/www.ticol.pl\/sklep\/produkty\/profile-ochronne-pe-u-100-64-mb\/","og_locale":"pl_PL","og_type":"article","og_title":"Profile ochronne PE U 100 - 64 mb &#8226; Ticol","og_description":"Profile ochronne PE U 100 - 64 mb \u2714\ufe0f Wysokiej jako\u015bci materia\u0142y! \u2714\ufe0f Ochrona produkt\u00f3w! \u2714\ufe0f Korzystne ceny! Sprawd\u017a teraz!","og_url":"https:\/\/www.ticol.pl\/sklep\/produkty\/profile-ochronne-pe-u-100-64-mb\/","og_site_name":"Ticol","article_publisher":"https:\/\/www.facebook.com\/ticolspzoo","article_modified_time":"2026-04-17T08:29:45+00:00","og_image":[{"width":1101,"height":1101,"url":"https:\/\/www.ticol.pl\/sklep\/wp-content\/uploads\/2024\/02\/profile-U.png","type":"image\/png"}],"twitter_card":"summary_large_image","twitter_misc":{"Szacowany czas czytania":"1 minuta"},"schema":{"@context":"https:\/\/schema.org","@graph":[{"@type":"WebPage","@id":"https:\/\/www.ticol.pl\/sklep\/produkty\/profile-ochronne-pe-u-100-64-mb\/","url":"https:\/\/www.ticol.pl\/sklep\/produkty\/profile-ochronne-pe-u-100-64-mb\/","name":"Profile ochronne PE U 100 - 64 mb &#8226; Ticol","isPartOf":{"@id":"https:\/\/www.ticol.pl\/sklep\/#website"},"primaryImageOfPage":{"@id":"https:\/\/www.ticol.pl\/sklep\/produkty\/profile-ochronne-pe-u-100-64-mb\/#primaryimage"},"image":{"@id":"https:\/\/www.ticol.pl\/sklep\/produkty\/profile-ochronne-pe-u-100-64-mb\/#primaryimage"},"thumbnailUrl":"https:\/\/www.ticol.pl\/sklep\/wp-content\/uploads\/2024\/02\/profile-U.png","datePublished":"2022-07-19T13:20:20+00:00","dateModified":"2026-04-17T08:29:45+00:00","description":"Profile ochronne PE U 100 - 64 mb \u2714\ufe0f Wysokiej jako\u015bci materia\u0142y! \u2714\ufe0f Ochrona produkt\u00f3w! \u2714\ufe0f Korzystne ceny! Sprawd\u017a teraz!","breadcrumb":{"@id":"https:\/\/www.ticol.pl\/sklep\/produkty\/profile-ochronne-pe-u-100-64-mb\/#breadcrumb"},"inLanguage":"pl-PL","potentialAction":[{"@type":"ReadAction","target":["https:\/\/www.ticol.pl\/sklep\/produkty\/profile-ochronne-pe-u-100-64-mb\/"]}]},{"@type":"ImageObject","inLanguage":"pl-PL","@id":"https:\/\/www.ticol.pl\/sklep\/produkty\/profile-ochronne-pe-u-100-64-mb\/#primaryimage","url":"https:\/\/www.ticol.pl\/sklep\/wp-content\/uploads\/2024\/02\/profile-U.png","contentUrl":"https:\/\/www.ticol.pl\/sklep\/wp-content\/uploads\/2024\/02\/profile-U.png","width":1101,"height":1101,"caption":"profile U"},{"@type":"BreadcrumbList","@id":"https:\/\/www.ticol.pl\/sklep\/produkty\/profile-ochronne-pe-u-100-64-mb\/#breadcrumb","itemListElement":[{"@type":"ListItem","position":1,"name":"Strona g\u0142\u00f3wna","item":"https:\/\/www.ticol.pl\/sklep\/"},{"@type":"ListItem","position":2,"name":"Produkty","item":"https:\/\/www.ticol.pl\/sklep\/shop\/"},{"@type":"ListItem","position":3,"name":"Profile ochronne PE U 100 &#8211; 64 mb"}]},{"@type":"WebSite","@id":"https:\/\/www.ticol.pl\/sklep\/#website","url":"https:\/\/www.ticol.pl\/sklep\/","name":"Ticol","description":"Producent opakowa\u0144","publisher":{"@id":"https:\/\/www.ticol.pl\/sklep\/#organization"},"alternateName":"Ticol","potentialAction":[{"@type":"SearchAction","target":{"@type":"EntryPoint","urlTemplate":"https:\/\/www.ticol.pl\/sklep\/?s={search_term_string}"},"query-input":{"@type":"PropertyValueSpecification","valueRequired":true,"valueName":"search_term_string"}}],"inLanguage":"pl-PL"},{"@type":"Organization","@id":"https:\/\/www.ticol.pl\/sklep\/#organization","name":"Ticol","alternateName":"Ticol","url":"https:\/\/www.ticol.pl\/sklep\/","logo":{"@type":"ImageObject","inLanguage":"pl-PL","@id":"https:\/\/www.ticol.pl\/sklep\/#\/schema\/logo\/image\/","url":"https:\/\/www.ticol.pl\/sklep\/wp-content\/uploads\/2023\/02\/logo-ticol.bmp","contentUrl":"https:\/\/www.ticol.pl\/sklep\/wp-content\/uploads\/2023\/02\/logo-ticol.bmp","width":963,"height":260,"caption":"Ticol"},"image":{"@id":"https:\/\/www.ticol.pl\/sklep\/#\/schema\/logo\/image\/"},"sameAs":["https:\/\/www.facebook.com\/ticolspzoo"]}]}},"_links":{"self":[{"href":"https:\/\/www.ticol.pl\/sklep\/wp-json\/wp\/v2\/product\/1247","targetHints":{"allow":["GET"]}}],"collection":[{"href":"https:\/\/www.ticol.pl\/sklep\/wp-json\/wp\/v2\/product"}],"about":[{"href":"https:\/\/www.ticol.pl\/sklep\/wp-json\/wp\/v2\/types\/product"}],"replies":[{"embeddable":true,"href":"https:\/\/www.ticol.pl\/sklep\/wp-json\/wp\/v2\/comments?post=1247"}],"wp:featuredmedia":[{"embeddable":true,"href":"https:\/\/www.ticol.pl\/sklep\/wp-json\/wp\/v2\/media\/5903"}],"wp:attachment":[{"href":"https:\/\/www.ticol.pl\/sklep\/wp-json\/wp\/v2\/media?parent=1247"}],"wp:term":[{"taxonomy":"product_brand","embeddable":true,"href":"https:\/\/www.ticol.pl\/sklep\/wp-json\/wp\/v2\/product_brand?post=1247"},{"taxonomy":"product_cat","embeddable":true,"href":"https:\/\/www.ticol.pl\/sklep\/wp-json\/wp\/v2\/product_cat?post=1247"},{"taxonomy":"product_tag","embeddable":true,"href":"https:\/\/www.ticol.pl\/sklep\/wp-json\/wp\/v2\/product_tag?post=1247"}],"curies":[{"name":"wp","href":"https:\/\/api.w.org\/{rel}","templated":true}]}}