{"id":3,"date":"2022-07-18T15:03:19","date_gmt":"2022-07-18T15:03:19","guid":{"rendered":"https:\/\/www.ticol.pl\/sklep\/?page_id=3"},"modified":"2023-02-03T08:21:06","modified_gmt":"2023-02-03T08:21:06","slug":"polityka-prywatnosci","status":"publish","type":"page","link":"https:\/\/www.ticol.pl\/sklep\/polityka-prywatnosci\/","title":{"rendered":"Polityka prywatno\u015bci"},"content":{"rendered":"\n<h2 class=\"wp-block-heading\">www.ticol.sklep.pl<\/h2>\n\n\n\n<p><strong>\u00a7 1<\/strong><\/p>\n\n\n\n<p><strong>POSTANOWIENIA OG\u00d3LNE<\/strong><\/p>\n\n\n\n<ol class=\"wp-block-list\">\n<li>Administratorem danych osobowych zbieranych za po\u015brednictwem Sklepu internetowego<br>www.ticol.sklep.pl jest Ticol sp. z o. o.,NIP: 9131611312, miejsce<br>wykonywania dzia\u0142alno\u015bci oraz adres do dor\u0119cze\u0144: u. Kolejowa 67c, 55-300 \u015aroda<br>\u015al\u0105ska, adres poczty elektronicznej (e-mail): sklep@ticol.pl, numer telefonu:<br>+48&nbsp;668&nbsp;561&nbsp;820, zwany dalej \u201eAdministratorem&#8221; i b\u0119d\u0105cy jednocze\u015bnie \u201eUs\u0142ugodawc\u0105\u201d.<\/li>\n\n\n\n<li>Dane osobowe zbierane przez Administratora za po\u015brednictwem strony internetowej s\u0105<br>przetwarzane zgodnie z&nbsp;Rozporz\u0105dzeniem Parlamentu Europejskiego i&nbsp;Rady (UE) 2016\/679 z&nbsp;dnia<br>27 kwietnia 2016 r. w&nbsp;sprawie ochrony os\u00f3b fizycznych w&nbsp;zwi\u0105zku z&nbsp;przetwarzaniem danych<br>osobowych i&nbsp;w sprawie swobodnego przep\u0142ywu takich danych oraz uchylenia dyrektywy<br>95\/46\/WE (og\u00f3lne rozporz\u0105dzenie o&nbsp;ochronie danych), zwane dalej RODO.<\/li>\n\n\n\n<li>Wszelkie wyrazy lub wyra\u017cenia pisane w tre\u015bci niniejszej Polityki Prywatno\u015bci z du\u017cej litery nale\u017cy<br>rozumie\u0107 zgodnie z ich definicj\u0105 zawart\u0105 w Regulaminie Sklepu internetowego www.ticol.sklep.pl.<\/li>\n<\/ol>\n\n\n\n<p><strong>\u00a7 2<\/strong><\/p>\n\n\n\n<p><strong>RODZAJ PRZETWARZANYCH DANYCH OSOBOWYCH, CEL I ZAKRES ZBIERANIA DANYCH<\/strong><\/p>\n\n\n\n<ol class=\"wp-block-list\">\n<li>CEL PRZETWARZANIA I PODSTAWA PRAWNA. Administrator przetwarza dane osobowe<br>Us\u0142ugobiorc\u00f3w Sklepu www.ticol.sklep.pl w przypadku:<br>1.1. rejestracji Konta w&nbsp;Sklepie, w&nbsp;celu utworzenia indywidualnego konta i&nbsp;zarz\u0105dzania tym<br>Kontem na podstawie art. 6 ust. 1 lit. b) RODO (realizacja umowy o \u015bwiadczenie us\u0142ugi drog\u0105<br>elektroniczn\u0105 zgodnie z&nbsp;Regulaminem Sklepu),<br>1.2. sk\u0142adania Zam\u00f3wienia w&nbsp;Sklepie, w&nbsp;celu wykonania Umowy Sprzeda\u017cy na podstawie art. 6<br>ust. 1 lit. b) RODO (realizacja umowy sprzeda\u017cy),<br>1.3. zapisania si\u0119 do Newslettera w celu przesy\u0142ania informacji handlowych drog\u0105 elektroniczn\u0105.<br>Dane osobowe s\u0105 przetwarzane po wyra\u017ceniu odr\u0119bnej zgody na podstawie art. 6 ust. 1 lit.<br>a) RODO,<br>1.4. skorzystania z Systemu Opinii, w&nbsp;celu poznania zdania Klienta na temat zawartej z<br>Administratorem Umowy Sprzeda\u017cy na podstawie art. 6 ust. 1 lit. f) RODO (prawnie<br>uzasadniony interes przedsi\u0119biorcy),<br>1.5. skorzystania z Formularza Kontaktowego, w&nbsp;celu wys\u0142ania wiadomo\u015bci do Administratora, na<br>podstawie art. 6 ust. 1 lit. f) RODO (prawnie uzasadniony interes przedsi\u0119biorcy).<\/li>\n\n\n\n<li>RODZAJ PRZETWARZANYCH DANYCH OSOBOWYCH. Us\u0142ugobiorca podaje, w przypadku:<br>2.1. Konta: imi\u0119 i nazwisko, login, adres, adres e-mail,<br>2.2. Zam\u00f3wienia: imi\u0119 i nazwisko, adres, NIP, adres e-mail, numer telefonu,<br>2.3. Newslettera: imi\u0119 i nazwisko, adres e-mail,<br>2.4. Systemu Opinii: imi\u0119 i nazwisko,<br>2.5. Formularza Kontaktowego: imi\u0119, adres mailowy.<\/li>\n\n\n\n<li>OKRES ARCHIWIZACJI DANYCH OSOBOWYCH. Dane osobowe Us\u0142ugobiorc\u00f3w przechowywane s\u0105<br>przez Administratora:<br>3.1. w przypadku, gdy podstaw\u0105 przetwarzania danych jest wykonanie umowy, tak d\u0142ugo, jak jest<br>to niezb\u0119dne do wykonania umowy, a&nbsp;po tym czasie przez okres odpowiadaj\u0105cy okresowi<br>przedawnienia roszcze\u0144. Je\u017celi przepis szczeg\u00f3lny nie stanowi inaczej, termin przedawnienia<br>wynosi lat sze\u015b\u0107, a&nbsp;dla roszcze\u0144 o&nbsp;\u015bwiadczenia okresowe oraz roszcze\u0144 zwi\u0105zanych<br>z&nbsp;prowadzeniem dzia\u0142alno\u015bci gospodarczej &#8211; trzy lata.<br>3.2. w przypadku, gdy podstaw\u0105 przetwarzania danych jest zgoda, tak d\u0142ugo, a\u017c zgoda nie<br>zostanie odwo\u0142ana, a&nbsp;po odwo\u0142aniu zgody przez okres czasu odpowiadaj\u0105cy okresowi<br>przedawnienia roszcze\u0144 jakie mo\u017ce podnosi\u0107 Administrator i&nbsp;jakie mog\u0105 by\u0107 podnoszone<\/li>\n<\/ol>\n\n\n\n<p>wobec niego. Je\u017celi przepis szczeg\u00f3lny nie stanowi inaczej, termin przedawnienia wynosi lat<br>sze\u015b\u0107, a&nbsp;dla roszcze\u0144 o&nbsp;\u015bwiadczenia okresowe oraz roszcze\u0144 zwi\u0105zanych z&nbsp;prowadzeniem<br>dzia\u0142alno\u015bci gospodarczej &#8211; trzy lata.<\/p>\n\n\n\n<ol class=\"wp-block-list\" start=\"4\">\n<li>Podczas korzystania ze Sklepu mog\u0105 by\u0107 pobierane dodatkowe informacje, w&nbsp;szczeg\u00f3lno\u015bci:<br>adres IP przypisany do komputera Us\u0142ugobiorcy lub zewn\u0119trzny adres IP dostawcy Internetu,<br>nazwa domeny, rodzaj przegl\u0105darki, czas dost\u0119pu, typ systemu operacyjnego.<\/li>\n\n\n\n<li>Po wyra\u017ceniu odr\u0119bnej zgody, na podstawie art. 6 ust. 1 lit. a) RODO dane mog\u0105 by\u0107<br>przetwarzane r\u00f3wnie\u017c w celu przesy\u0142ania informacji handlowych drog\u0105 elektroniczn\u0105 lub<br>wykonywania telefonicznych po\u0142\u0105cze\u0144 w celu marketingu bezpo\u015bredniego \u2013 odpowiednio w<br>zwi\u0105zku z art. 10 ust. 2 Ustawy z dnia 18 lipca 2002 roku o \u015bwiadczeniu us\u0142ug drog\u0105 elektroniczn\u0105<br>lub art. 172 ust. 1 Ustawy z dnia 16 lipca 2004 roku \u2013 Prawo Telekomunikacyjne, w tym<br>kierowanych w wyniku profilowania, o ile Us\u0142ugobiorca wyrazi\u0142 stosown\u0105 zgod\u0119.<\/li>\n\n\n\n<li>Od Us\u0142ugobiorc\u00f3w mog\u0105 by\u0107 tak\u017ce gromadzone dane nawigacyjne, w&nbsp;tym informacje o&nbsp;linkach<br>i&nbsp;odno\u015bnikach, w&nbsp;kt\u00f3re zdecyduj\u0105 si\u0119 klikn\u0105\u0107 lub innych czynno\u015bciach, podejmowanych w Sklepie.<br>Podstaw\u0105 prawn\u0105 tego rodzaju czynno\u015bci jest prawnie uzasadniony interes Administratora (art. 6<br>ust. 1 lit. f RODO), polegaj\u0105cy na u\u0142atwieniu korzystania z&nbsp;us\u0142ug \u015bwiadczonych drog\u0105 elektroniczn\u0105<br>oraz na poprawie funkcjonalno\u015bci tych us\u0142ug.<\/li>\n\n\n\n<li>Podanie danych osobowych przez Us\u0142ugobiorc\u0119 jest dobrowolne.<\/li>\n\n\n\n<li>Administrator dok\u0142ada szczeg\u00f3lnej staranno\u015bci w celu ochrony interes\u00f3w os\u00f3b, kt\u00f3rych dane<br>dotycz\u0105, a w szczeg\u00f3lno\u015bci zapewnia, \u017ce zbierane przez niego dane s\u0105:<br>8.1. przetwarzane zgodnie z prawem,<br>8.2. zbierane dla oznaczonych, zgodnych z prawem cel\u00f3w i niepoddawane dalszemu<br>przetwarzaniu niezgodnemu z tymi celami,<br>8.3. merytorycznie poprawne i adekwatne w stosunku do cel\u00f3w, w jakich s\u0105 przetwarzane oraz<br>przechowywane w postaci umo\u017cliwiaj\u0105cej identyfikacj\u0119 os\u00f3b, kt\u00f3rych dotycz\u0105, nie d\u0142u\u017cej ni\u017c<br>jest to niezb\u0119dne do osi\u0105gni\u0119cia celu przetwarzania.<br>    <strong>\u00a7 3<\/strong><\/li>\n<\/ol>\n\n\n\n<p><strong>UDOST\u0118PNIENIE DANYCH OSOBOWYCH<\/strong><\/p>\n\n\n\n<ol class=\"wp-block-list\">\n<li>Dane osobowe Us\u0142ugobiorc\u00f3w przekazywane s\u0105 dostawcom us\u0142ug, z&nbsp;kt\u00f3rych korzysta<br>Administrator przy prowadzeniu Sklepu, a w szczeg\u00f3lno\u015bci do:<br>1.1. podmiot\u00f3w realizuj\u0105cych dostaw\u0119 Produkt\u00f3w,<br>1.2. dostawc\u00f3w system\u00f3w p\u0142atno\u015bci,<br>1.3. biura ksi\u0119gowego,<br>1.4. hostingodawcy,<br>1.5. dostawcy oprogramowania umo\u017cliwiaj\u0105cego prowadzenie dzia\u0142alno\u015bci,<br>1.6. podmiot\u00f3w zapewniaj\u0105cych system mailingowy,<br>1.7. dostawcy oprogramowania potrzebnego do prowadzenia sklepu internetowego.<\/li>\n\n\n\n<li>Dostawcy us\u0142ug, o kt\u00f3rych mowa w pkt 1 niniejszego paragrafu, kt\u00f3rym przekazywane s\u0105 dane<br>osobowe, w&nbsp;zale\u017cno\u015bci od uzgodnie\u0144 umownych i&nbsp;okoliczno\u015bci, albo podlegaj\u0105 poleceniom<br>Administratora co do cel\u00f3w i&nbsp;sposob\u00f3w przetwarzania tych danych (podmioty przetwarzaj\u0105ce)<br>albo samodzielnie okre\u015blaj\u0105 cele i&nbsp;sposoby ich przetwarzania (administratorzy).<\/li>\n\n\n\n<li>Dane osobowe Us\u0142ugobiorc\u00f3w s\u0105 przechowywane wy\u0142\u0105cznie na terenie Europejskiego Obszaru<br>Gospodarczego (EOG), z&nbsp;zastrze\u017ceniem \u00a7 5 pkt 5 oraz \u00a7 6 Polityki Prywatno\u015bci.<\/li>\n<\/ol>\n\n\n\n<p><strong>\u00a7 4<\/strong><\/p>\n\n\n\n<p><strong>PRAWO KONTROLI, DOST\u0118PU DO TRE\u015aCI W\u0141ASNYCH DANYCH ORAZ ICH POPRAWIANIA<\/strong><\/p>\n\n\n\n<ol class=\"wp-block-list\">\n<li>Osoba, kt\u00f3rej dane dotycz\u0105, ma prawo dost\u0119pu do tre\u015bci swoich danych osobowych oraz prawo<br>ich sprostowania, usuni\u0119cia, ograniczenia przetwarzania, prawo do przenoszenia danych, prawo<br>wniesienia sprzeciwu, prawo do cofni\u0119cia zgody w dowolnym momencie bez wp\u0142ywu na<br>zgodno\u015b\u0107 z prawem przetwarzania, kt\u00f3rego dokonano na podstawie zgody przed jej cofni\u0119ciem.<\/li>\n\n\n\n<li>Podstawy prawne \u017c\u0105dania Us\u0142ugobiorcy:<\/li>\n<\/ol>\n\n\n\n<p>2.1. Dost\u0119p do danych \u2013 art. 15 RODO.<br>2.2. Sprostowanie danych \u2013 art. 16 RODO.<br>2.3. Usuni\u0119cie danych (tzw. prawo do bycia zapomnianym) \u2013 art. 17 RODO.<br>2.4. Ograniczenie przetwarzania \u2013 art. 18 RODO.<br>2.5. Przeniesienie danych \u2013 art. 20 RODO.<br>2.6. Sprzeciw \u2013 art. 21 RODO<br>2.7. Cofni\u0119cie zgody \u2013 art. 7 ust. 3 RODO.<\/p>\n\n\n\n<ol class=\"wp-block-list\" start=\"3\">\n<li>W celu realizacji uprawnie\u0144, o kt\u00f3rych mowa w pkt 2 mo\u017cna wys\u0142a\u0107 stosown\u0105 wiadomo\u015b\u0107 e-mail<br>na adres: sklep@ticol.pl<\/li>\n\n\n\n<li>W sytuacji wyst\u0105pienia przez Us\u0142ugobiorc\u0119 z&nbsp;uprawnieniem wynikaj\u0105cym z&nbsp;powy\u017cszych praw,<br>Administrator spe\u0142nia \u017c\u0105danie albo odmawia jego spe\u0142nienia niezw\u0142ocznie, nie p\u00f3\u017aniej jednak ni\u017c<br>w&nbsp;ci\u0105gu miesi\u0105ca po jego otrzymaniu. Je\u017celi jednak &#8211; z&nbsp;uwagi na skomplikowany charakter \u017c\u0105dania<br>lub liczb\u0119 \u017c\u0105da\u0144 \u2013 Administrator nie b\u0119dzie m\u00f3g\u0142 spe\u0142ni\u0107 \u017c\u0105dania w&nbsp;ci\u0105gu miesi\u0105ca, spe\u0142ni je<br>w&nbsp;ci\u0105gu kolejnych dw\u00f3ch miesi\u0119cy informuj\u0105c Us\u0142ugobiorc\u0119 uprzednio w&nbsp;terminie miesi\u0105ca od<br>otrzymania \u017c\u0105dania &#8211; o&nbsp;zamierzonym przed\u0142u\u017ceniu terminu oraz jego przyczynach.<\/li>\n\n\n\n<li>W przypadku stwierdzenia, \u017ce przetwarzanie danych osobowych narusza przepisy RODO, osoba,<br>kt\u00f3rej dane dotycz\u0105, ma prawo wnie\u015b\u0107 skarg\u0119 do Prezesa Urz\u0119du Ochrony Danych Osobowych.<\/li>\n<\/ol>\n\n\n\n<p><strong>\u00a7 5<br>PLIKI &#8222;COOKIES&#8221;<\/strong><\/p>\n\n\n\n<ol class=\"wp-block-list\">\n<li>Strona Administratora&nbsp;u\u017cywa plik\u00f3w&nbsp;\u201ecookies\u201d.<\/li>\n\n\n\n<li>Instalacja plik\u00f3w \u201ecookies\u201d jest konieczna do prawid\u0142owego \u015bwiadczenia us\u0142ug na stronie<br>internetowej Sklepu. W plikach \u201ecookies&#8221; znajduj\u0105 si\u0119 informacje niezb\u0119dne do prawid\u0142owego<br>funkcjonowania strony, a tak\u017ce daj\u0105 one tak\u017ce mo\u017cliwo\u015b\u0107 opracowywania og\u00f3lnych statystyk<br>odwiedzin strony internetowej.<\/li>\n\n\n\n<li>W ramach strony stosowane s\u0105 dwa rodzaje plik\u00f3w \u201ecookies\u201d: \u201esesyjne\u201d oraz \u201esta\u0142e\u201d.<br>3.1. \u201eCookies\u201d \u201esesyjne\u201d s\u0105 plikami tymczasowymi, kt\u00f3re przechowywane s\u0105 w urz\u0105dzeniu<br>ko\u0144cowym Us\u0142ugobiorcy do czasu wylogowania (opuszczenia strony).<br>3.2. \u201eSta\u0142e\u201d pliki \u201ecookies\u201d przechowywane s\u0105 w urz\u0105dzeniu ko\u0144cowym Us\u0142ugobiorcy przez czas<br>okre\u015blony w parametrach plik\u00f3w \u201ecookies\u201d lub do czasu ich usuni\u0119cia przez Us\u0142ugobiorc\u0119.<\/li>\n\n\n\n<li>Administrator wykorzystuje w\u0142asne pliki cookies w celu lepszego poznania sposobu interakcji<br>Us\u0142ugobiorc\u00f3w w zakresie zawarto\u015bci strony. Pliki gromadz\u0105 informacje o sposobie korzystania ze<br>strony internetowej przez Us\u0142ugobiorc\u0119, typie strony, z jakiej Us\u0142ugobiorca zosta\u0142 przekierowany<br>oraz liczbie odwiedzin i czasie wizyty Us\u0142ugobiorcy na stronie internetowej. Informacje te nie<br>rejestruj\u0105 konkretnych danych osobowych Us\u0142ugobiorcy, lecz s\u0142u\u017c\u0105 do opracowania statystyk<br>korzystania ze strony.<\/li>\n\n\n\n<li>Administrator wykorzystuje zewn\u0119trzne pliki cookies w celu zbierania og\u00f3lnych i&nbsp;anonimowych<br>danych statycznych za po\u015brednictwem narz\u0119dzi analitycznych Google Analytics (administrator<br>cookies zewn\u0119trznego: Google LLC. z&nbsp;siedzib\u0105 w&nbsp;USA).<\/li>\n\n\n\n<li>Pliki cookies mog\u0105 by\u0107 r\u00f3wnie\u017c wykorzystywane przez sieci reklamowe, w szczeg\u00f3lno\u015bci sie\u0107<br>Google, w celu wy\u015bwietlania reklam dopasowanych do sposobu, w jaki Us\u0142ugobiorca korzysta ze<br>Sklepu. W tym celu mog\u0105 zachowa\u0107 informacj\u0119 o \u015bcie\u017cce nawigacji Us\u0142ugobiorcy lub czasie<br>pozostawania na danej stronie.<\/li>\n\n\n\n<li>Us\u0142ugobiorca ma prawo zadecydowania w zakresie dost\u0119pu plik\u00f3w \u201ecookies\u201d do swojego<br>komputera poprzez ich uprzedni wyb\u00f3r w oknie swojej przegl\u0105darki. &nbsp;Szczeg\u00f3\u0142owe informacje o<br>mo\u017cliwo\u015bci i sposobach obs\u0142ugi plik\u00f3w \u201ecookies\u201d dost\u0119pne s\u0105 w ustawieniach oprogramowania<br>(przegl\u0105darki internetowej).<\/li>\n<\/ol>\n\n\n\n<p><strong>\u00a7 6<\/strong><\/p>\n\n\n\n<p><strong>US\u0141UGI DODATKOWE ZWI\u0104ZANE Z AKTYWNO\u015aCI\u0104 U\u017bYTKOWNIKA W SKLEPIE<\/strong><\/p>\n\n\n\n<ol class=\"wp-block-list\">\n<li>W Sklepie wykorzystywane s\u0105 tzw. wtyczki spo\u0142eczno\u015bciowe (\u201ewtyczki\u201c) serwis\u00f3w<br>spo\u0142eczno\u015bciowych.&nbsp;Wy\u015bwietlaj\u0105c stron\u0119 internetow\u0105 www.ticol.sklep.pl zawieraj\u0105c\u0105 tak\u0105 wtyczk\u0119,<\/li>\n<\/ol>\n\n\n\n<p>przegl\u0105darka Us\u0142ugobiorcy nawi\u0105\u017ce bezpo\u015brednie po\u0142\u0105czenie z serwerami Facebook, Instagram.<\/p>\n\n\n\n<ol class=\"wp-block-list\" start=\"2\">\n<li>Zawarto\u015b\u0107 wtyczki jest przekazywana przez danego us\u0142ugodawc\u0119 bezpo\u015brednio do przegl\u0105darki<br>Us\u0142ugobiorcy i integrowana ze stron\u0105. Dzi\u0119ki tej integracji, us\u0142ugodawcy otrzymuj\u0105 informacj\u0119, \u017ce<br>przegl\u0105darka Us\u0142ugobiorcy wy\u015bwietli\u0142a stron\u0119 www.ticol.sklep.pl, nawet je\u015bli Us\u0142ugobiorca nie posiada<br>profilu u danego us\u0142ugodawcy, czy nie jest u niego akurat zalogowany. Taka informacja (wraz z<br>adresem IP Us\u0142ugobiorcy) jest przesy\u0142ana przez przegl\u0105dark\u0119 bezpo\u015brednio do serwera danego<br>us\u0142ugodawcy (niekt\u00f3re serwery znajduj\u0105 si\u0119 w USA) i tam przechowywana.<\/li>\n\n\n\n<li>Je\u015bli Us\u0142ugobiorca zaloguje si\u0119 do jednego z powy\u017cszych serwis\u00f3w spo\u0142eczno\u015bciowych, to<br>us\u0142ugodawca ten b\u0119dzie m\u00f3g\u0142 bezpo\u015brednio przyporz\u0105dkowa\u0107 wizyt\u0119 na stronie www.ticol.sklep.pl do<br>profilu Us\u0142ugobiorcy w danym serwisie spo\u0142eczno\u015bciowym.<\/li>\n\n\n\n<li>Je\u015bli Us\u0142ugobiorca u\u017cyje danej wtyczki, np. klikaj\u0105c na przycisk \u201eLubi\u0119 to\u201d lub przycisk<br>\u201eUdost\u0119pnij\u201d, to odpowiednia informacja zostanie r\u00f3wnie\u017c przes\u0142ana bezpo\u015brednio na serwer<br>danego us\u0142ugodawcy i tam zachowana.<\/li>\n\n\n\n<li>Cel i zakres gromadzenia danych oraz ich dalszego przetwarzania i wykorzystania przez<br>us\u0142ugodawc\u00f3w, jak r\u00f3wnie\u017c mo\u017cliwo\u015b\u0107 kontaktu oraz prawa Us\u0142ugobiorcy w tym zakresie i<br>mo\u017cliwo\u015b\u0107 dokonania ustawie\u0144 zapewniaj\u0105cych ochron\u0119 prywatno\u015bci Us\u0142ugobiorcy zosta\u0142y<br>opisane w polityce prywatno\u015bci us\u0142ugodawc\u00f3w:<br>5.1. https:\/\/www.facebook.com\/policy.php<br>5.2. https:\/\/help.instagram.com\/519522125107875?helpref=page_content<br>5.3. https:\/\/policies.google.com\/privacy?hl=pl&amp;gl=ZZ.<\/li>\n\n\n\n<li>Je\u015bli Us\u0142ugobiorca nie chce, aby serwisy spo\u0142eczno\u015bciowe przyporz\u0105dkowywa\u0142y dane zebrane w<br>trakcie odwiedzin na stronie www.ticol.sklep.pl bezpo\u015brednio jego profilowi w danym serwisie, to<br>przed wizyt\u0105 na stronie www.ticol.sklep.pl musi wylogowa\u0107 si\u0119 z tego serwisu. Us\u0142ugobiorca mo\u017ce<br>r\u00f3wnie\u017c ca\u0142kowicie uniemo\u017cliwi\u0107 za\u0142adowanie na stronie wtyczek stosuj\u0105c odpowiednie<br>rozszerzenia dla przegl\u0105darki, np. blokowanie skrypt\u00f3w za pomoc\u0105 \u201eNoScript\u201c.<\/li>\n\n\n\n<li>Administrator wykorzystuje na swojej stronie narz\u0119dzia remarketingowe tj. Google Ads, wi\u0105\u017ce si\u0119<br>to z wykorzystywaniem plik\u00f3w cookies firmy Google LLC dotycz\u0105cych us\u0142ugi Google Ads. W<br>ramach mechanizmu do zarz\u0105dzania ustawieniami plik\u00f3w cookies Us\u0142ugobiorca ma mo\u017cliwo\u015b\u0107<br>zdecydowania, czy Us\u0142ugodawca b\u0119dzie m\u00f3g\u0142 korzysta\u0107 z Google Ads (administrator cookies<br>zewn\u0119trznego: Google LLC. z siedzib\u0105 w USA) w stosunku do niego.<\/li>\n<\/ol>\n\n\n\n<p><strong>\u00a7 7<\/strong><\/p>\n\n\n\n<p><strong>POSTANOWIENIA KO\u0143COWE<\/strong><\/p>\n\n\n\n<ol class=\"wp-block-list\">\n<li>Administrator stosuje \u015brodki techniczne i organizacyjne zapewniaj\u0105ce ochron\u0119 przetwarzanych<br>danych osobowych odpowiedni\u0105 do zagro\u017ce\u0144 oraz kategorii danych obj\u0119tych ochron\u0105, a w<br>szczeg\u00f3lno\u015bci zabezpiecza dane przed ich udost\u0119pnieniem osobom nieupowa\u017cnionym, zabraniem<br>przez osob\u0119 nieuprawnion\u0105, przetwarzaniem z naruszeniem obowi\u0105zuj\u0105cych przepis\u00f3w oraz<br>zmian\u0105, utrat\u0105, uszkodzeniem lub zniszczeniem.<\/li>\n\n\n\n<li>Administrator udost\u0119pnia odpowiednie \u015brodki techniczne zapobiegaj\u0105ce pozyskiwaniu i<br>modyfikowaniu przez osoby nieuprawnione, danych osobowych przesy\u0142anych drog\u0105<br>elektroniczn\u0105.<\/li>\n\n\n\n<li>W sprawach nieuregulowanych niniejsz\u0105 Polityk\u0105 prywatno\u015bci stosuje si\u0119 odpowiednio przepisy<br>RODO oraz inne w\u0142a\u015bciwe przepisy prawa polskiego.<\/li>\n<\/ol>\n","protected":false},"excerpt":{"rendered":"<p>www.ticol.sklep.pl \u00a7 1 POSTANOWIENIA OG\u00d3LNE \u00a7 2 RODZAJ PRZETWARZANYCH DANYCH OSOBOWYCH, CEL I ZAKRES ZBIERANIA DANYCH wobec niego. Je\u017celi przepis szczeg\u00f3lny nie stanowi inaczej, termin przedawnienia wynosi latsze\u015b\u0107, a&nbsp;dla roszcze\u0144 o&nbsp;\u015bwiadczenia okresowe oraz roszcze\u0144 zwi\u0105zanych z&nbsp;prowadzeniemdzia\u0142alno\u015bci gospodarczej &#8211; trzy lata. UDOST\u0118PNIENIE DANYCH OSOBOWYCH \u00a7 4 PRAWO KONTROLI, DOST\u0118PU DO TRE\u015aCI W\u0141ASNYCH DANYCH ORAZ ICH POPRAWIANIA [&hellip;]<\/p>\n","protected":false},"author":1,"featured_media":0,"parent":0,"menu_order":0,"comment_status":"closed","ping_status":"closed","template":"","meta":{"footnotes":""},"class_list":["post-3","page","type-page","status-publish","hentry"],"yoast_head":"<!-- This site is optimized with the Yoast SEO plugin v27.1.1 - https:\/\/yoast.com\/product\/yoast-seo-wordpress\/ -->\n<title>Polityka prywatno\u015bci &#8226; Ticol<\/title>\n<meta name=\"description\" content=\"Polityka prywatno\u015bci - oferujemy wysokiej jako\u015bci opakowania z tworzyw spienionych, jaki i przemys\u0142owych. Kup teraz!\" \/>\n<meta name=\"robots\" content=\"noindex, follow\" \/>\n<meta property=\"og:locale\" content=\"pl_PL\" \/>\n<meta property=\"og:type\" content=\"article\" \/>\n<meta property=\"og:title\" content=\"Polityka prywatno\u015bci &#8226; Ticol\" \/>\n<meta property=\"og:description\" content=\"Polityka prywatno\u015bci - oferujemy wysokiej jako\u015bci opakowania z tworzyw spienionych, jaki i przemys\u0142owych. Kup teraz!\" \/>\n<meta property=\"og:url\" content=\"https:\/\/www.ticol.pl\/sklep\/polityka-prywatnosci\/\" \/>\n<meta property=\"og:site_name\" content=\"Ticol\" \/>\n<meta property=\"article:publisher\" content=\"https:\/\/www.facebook.com\/ticolspzoo\" \/>\n<meta property=\"article:modified_time\" content=\"2023-02-03T08:21:06+00:00\" \/>\n<meta name=\"twitter:card\" content=\"summary_large_image\" \/>\n<meta name=\"twitter:label1\" content=\"Szacowany czas czytania\" \/>\n\t<meta name=\"twitter:data1\" content=\"11 minut\" \/>\n<script type=\"application\/ld+json\" class=\"yoast-schema-graph\">{\"@context\":\"https:\/\/schema.org\",\"@graph\":[{\"@type\":\"WebPage\",\"@id\":\"https:\/\/www.ticol.pl\/sklep\/polityka-prywatnosci\/\",\"url\":\"https:\/\/www.ticol.pl\/sklep\/polityka-prywatnosci\/\",\"name\":\"Polityka prywatno\u015bci &#8226; Ticol\",\"isPartOf\":{\"@id\":\"https:\/\/www.ticol.pl\/sklep\/#website\"},\"datePublished\":\"2022-07-18T15:03:19+00:00\",\"dateModified\":\"2023-02-03T08:21:06+00:00\",\"description\":\"Polityka prywatno\u015bci - oferujemy wysokiej jako\u015bci opakowania z tworzyw spienionych, jaki i przemys\u0142owych. Kup teraz!\",\"breadcrumb\":{\"@id\":\"https:\/\/www.ticol.pl\/sklep\/polityka-prywatnosci\/#breadcrumb\"},\"inLanguage\":\"pl-PL\",\"potentialAction\":[{\"@type\":\"ReadAction\",\"target\":[\"https:\/\/www.ticol.pl\/sklep\/polityka-prywatnosci\/\"]}]},{\"@type\":\"BreadcrumbList\",\"@id\":\"https:\/\/www.ticol.pl\/sklep\/polityka-prywatnosci\/#breadcrumb\",\"itemListElement\":[{\"@type\":\"ListItem\",\"position\":1,\"name\":\"Strona g\u0142\u00f3wna\",\"item\":\"https:\/\/www.ticol.pl\/sklep\/\"},{\"@type\":\"ListItem\",\"position\":2,\"name\":\"Polityka prywatno\u015bci\"}]},{\"@type\":\"WebSite\",\"@id\":\"https:\/\/www.ticol.pl\/sklep\/#website\",\"url\":\"https:\/\/www.ticol.pl\/sklep\/\",\"name\":\"Ticol\",\"description\":\"Producent opakowa\u0144\",\"publisher\":{\"@id\":\"https:\/\/www.ticol.pl\/sklep\/#organization\"},\"alternateName\":\"Ticol\",\"potentialAction\":[{\"@type\":\"SearchAction\",\"target\":{\"@type\":\"EntryPoint\",\"urlTemplate\":\"https:\/\/www.ticol.pl\/sklep\/?s={search_term_string}\"},\"query-input\":{\"@type\":\"PropertyValueSpecification\",\"valueRequired\":true,\"valueName\":\"search_term_string\"}}],\"inLanguage\":\"pl-PL\"},{\"@type\":\"Organization\",\"@id\":\"https:\/\/www.ticol.pl\/sklep\/#organization\",\"name\":\"Ticol\",\"alternateName\":\"Ticol\",\"url\":\"https:\/\/www.ticol.pl\/sklep\/\",\"logo\":{\"@type\":\"ImageObject\",\"inLanguage\":\"pl-PL\",\"@id\":\"https:\/\/www.ticol.pl\/sklep\/#\/schema\/logo\/image\/\",\"url\":\"https:\/\/www.ticol.pl\/sklep\/wp-content\/uploads\/2023\/02\/logo-ticol.bmp\",\"contentUrl\":\"https:\/\/www.ticol.pl\/sklep\/wp-content\/uploads\/2023\/02\/logo-ticol.bmp\",\"width\":963,\"height\":260,\"caption\":\"Ticol\"},\"image\":{\"@id\":\"https:\/\/www.ticol.pl\/sklep\/#\/schema\/logo\/image\/\"},\"sameAs\":[\"https:\/\/www.facebook.com\/ticolspzoo\"]}]}<\/script>\n<!-- \/ Yoast SEO plugin. -->","yoast_head_json":{"title":"Polityka prywatno\u015bci &#8226; Ticol","description":"Polityka prywatno\u015bci - oferujemy wysokiej jako\u015bci opakowania z tworzyw spienionych, jaki i przemys\u0142owych. Kup teraz!","robots":{"index":"noindex","follow":"follow"},"og_locale":"pl_PL","og_type":"article","og_title":"Polityka prywatno\u015bci &#8226; Ticol","og_description":"Polityka prywatno\u015bci - oferujemy wysokiej jako\u015bci opakowania z tworzyw spienionych, jaki i przemys\u0142owych. Kup teraz!","og_url":"https:\/\/www.ticol.pl\/sklep\/polityka-prywatnosci\/","og_site_name":"Ticol","article_publisher":"https:\/\/www.facebook.com\/ticolspzoo","article_modified_time":"2023-02-03T08:21:06+00:00","twitter_card":"summary_large_image","twitter_misc":{"Szacowany czas czytania":"11 minut"},"schema":{"@context":"https:\/\/schema.org","@graph":[{"@type":"WebPage","@id":"https:\/\/www.ticol.pl\/sklep\/polityka-prywatnosci\/","url":"https:\/\/www.ticol.pl\/sklep\/polityka-prywatnosci\/","name":"Polityka prywatno\u015bci &#8226; Ticol","isPartOf":{"@id":"https:\/\/www.ticol.pl\/sklep\/#website"},"datePublished":"2022-07-18T15:03:19+00:00","dateModified":"2023-02-03T08:21:06+00:00","description":"Polityka prywatno\u015bci - oferujemy wysokiej jako\u015bci opakowania z tworzyw spienionych, jaki i przemys\u0142owych. Kup teraz!","breadcrumb":{"@id":"https:\/\/www.ticol.pl\/sklep\/polityka-prywatnosci\/#breadcrumb"},"inLanguage":"pl-PL","potentialAction":[{"@type":"ReadAction","target":["https:\/\/www.ticol.pl\/sklep\/polityka-prywatnosci\/"]}]},{"@type":"BreadcrumbList","@id":"https:\/\/www.ticol.pl\/sklep\/polityka-prywatnosci\/#breadcrumb","itemListElement":[{"@type":"ListItem","position":1,"name":"Strona g\u0142\u00f3wna","item":"https:\/\/www.ticol.pl\/sklep\/"},{"@type":"ListItem","position":2,"name":"Polityka prywatno\u015bci"}]},{"@type":"WebSite","@id":"https:\/\/www.ticol.pl\/sklep\/#website","url":"https:\/\/www.ticol.pl\/sklep\/","name":"Ticol","description":"Producent opakowa\u0144","publisher":{"@id":"https:\/\/www.ticol.pl\/sklep\/#organization"},"alternateName":"Ticol","potentialAction":[{"@type":"SearchAction","target":{"@type":"EntryPoint","urlTemplate":"https:\/\/www.ticol.pl\/sklep\/?s={search_term_string}"},"query-input":{"@type":"PropertyValueSpecification","valueRequired":true,"valueName":"search_term_string"}}],"inLanguage":"pl-PL"},{"@type":"Organization","@id":"https:\/\/www.ticol.pl\/sklep\/#organization","name":"Ticol","alternateName":"Ticol","url":"https:\/\/www.ticol.pl\/sklep\/","logo":{"@type":"ImageObject","inLanguage":"pl-PL","@id":"https:\/\/www.ticol.pl\/sklep\/#\/schema\/logo\/image\/","url":"https:\/\/www.ticol.pl\/sklep\/wp-content\/uploads\/2023\/02\/logo-ticol.bmp","contentUrl":"https:\/\/www.ticol.pl\/sklep\/wp-content\/uploads\/2023\/02\/logo-ticol.bmp","width":963,"height":260,"caption":"Ticol"},"image":{"@id":"https:\/\/www.ticol.pl\/sklep\/#\/schema\/logo\/image\/"},"sameAs":["https:\/\/www.facebook.com\/ticolspzoo"]}]}},"_links":{"self":[{"href":"https:\/\/www.ticol.pl\/sklep\/wp-json\/wp\/v2\/pages\/3","targetHints":{"allow":["GET"]}}],"collection":[{"href":"https:\/\/www.ticol.pl\/sklep\/wp-json\/wp\/v2\/pages"}],"about":[{"href":"https:\/\/www.ticol.pl\/sklep\/wp-json\/wp\/v2\/types\/page"}],"author":[{"embeddable":true,"href":"https:\/\/www.ticol.pl\/sklep\/wp-json\/wp\/v2\/users\/1"}],"replies":[{"embeddable":true,"href":"https:\/\/www.ticol.pl\/sklep\/wp-json\/wp\/v2\/comments?post=3"}],"version-history":[{"count":4,"href":"https:\/\/www.ticol.pl\/sklep\/wp-json\/wp\/v2\/pages\/3\/revisions"}],"predecessor-version":[{"id":3811,"href":"https:\/\/www.ticol.pl\/sklep\/wp-json\/wp\/v2\/pages\/3\/revisions\/3811"}],"wp:attachment":[{"href":"https:\/\/www.ticol.pl\/sklep\/wp-json\/wp\/v2\/media?parent=3"}],"curies":[{"name":"wp","href":"https:\/\/api.w.org\/{rel}","templated":true}]}}